h**3 + 8*h**2 + 8*h + 10. Let x be c(9). Let b be ((-12)/18 + (-22)/(-6))*x. Is 1 + b - 0/1 - -4673 prime?
False
Let d be 669/(-45) + 4/(-30). Is (0 - (-16855)/d)*-3 prime?
True
Is (-41631 - (4 + 6))/(3 - 4) a composite number?
False
Suppose -3*h = -3*q + 743334, 3*q = 25*h - 20*h + 743316. Is q a prime number?
False
Let x(c) = 330*c - 62. Let s be x(-16). Let d = 12633 + s. Is d prime?
False
Let r(j) = j**2 + 14*j + 16. Let h be r(-14). Let x(t) = 104*t + 24. Let u be x(h). Suppose -u = -14*a + 6*a. Is a composite?
False
Suppose 0 = -3*b - 147 + 165, 3*b + 52753 = u. Is u a composite number?
True
Let n(x) = x**3 + 10*x**2 + 7*x - 9. Let f be n(-9). Is 9/(f/9854) + 2 + 3 a prime number?
True
Suppose 0 = 6*q + 30, -n - 3*n - 2*q = -19946. Is n a composite number?
True
Suppose a = 4*d - 0*d - 1316606, -8 = 4*a. Is d composite?
True
Let y = 111556 - 64809. Is y a composite number?
False
Suppose -33*g + 37*g = 8. Suppose 12489 + 2005 = g*t. Is t composite?
False
Let v(g) = 2*g + 10. Let t be v(-6). Let d be (0/(-3) - t)*-6. Is 3102/(-1*3)*6/d prime?
False
Let q = -1 - -4. Let x be 11946 - (q/2)/(6/(-16)). Suppose -5*p - 3*j + 11945 = 0, p + 4*p = -4*j + x. Is p a composite number?
True
Suppose 111*w - 268415 = 995312 + 856484. Is w composite?
True
Suppose -1207*z - 1163290 = -1217*z. Is z a composite number?
False
Let y be 2 - (1*1/(-1) + -2). Suppose 130 = -4*z + y*j, -j - 177 = -z + 6*z. Let t = 76 - z. Is t composite?
True
Suppose 0 = 4*g + 12, 2*o + 102*g - 217874 = 106*g. Is o a prime number?
False
Let z be (-2570)/(-3)*((-30)/(-20) - -3). Let o = z + -2008. Is o composite?
False
Let w be (-8)/10 + 87672/40. Let r = w - 230. Is r composite?
True
Suppose -3*j + 9*j - 54 = 0. Suppose -7*v = -j*v - 904. Is (2 + (-6)/4)*(0 - v) a composite number?
True
Suppose -5*b + 50 = v, b + 4*v = v - 4. Let s be (b + 0)*(-1 - 2). Is (-11505)/(-55) + 6/s a prime number?
False
Let z be 1 + -2 + 7775 + -15. Let f = -4806 + z. Is f prime?
True
Suppose -5*f - 12 = -37. Suppose 0 = -4*l + 2*m - 116, -4*m = -7*m. Let n = f - l. Is n a prime number?
False
Let g = -548 + 544. Let h(u) = -672*u + 73. Is h(g) a composite number?
True
Suppose 16*p = 17*p - 12. Let l = -20 + p. Let k(x) = -103*x - 9. Is k(l) a prime number?
False
Let g = 412778 - 242161. Is g a composite number?
True
Let s be (-14)/70 + 3/(-15)*-81. Suppose 0*p = -5*p + 1265. Suppose -s*u = -15*u - p. Is u a prime number?
False
Let n = -4882 - -9078. Suppose -5*g - 3*r = -10494, 2*g - 4*g = 2*r - n. Let q = g + -323. Is q a prime number?
True
Let o be -5 - (-1)/((-3)/6). Let d(n) = 20*n**2 + 48*n + 9. Is d(o) composite?
False
Is 1 + 1403 - (-1)/7*-7 composite?
True
Let k(b) = b**3 + 10*b**2 + b + 6. Suppose j + 4*n + 30 = -0, 25 = -5*n. Let o be k(j). Is o*(4 - 2588/16) composite?
False
Let g(d) = -1858*d - 266. Let a be g(-19). Is a/(2 + 0) - (-85)/(-17) composite?
True
Suppose 7*q = 2*q - 4*k - 10, -3*q = 5*k - 7. Let z be q/((-60)/(-25))*-298. Suppose z = a + 4*c, -4*a + 2954 = c + 2*c. Is a a prime number?
False
Let m be 3 + (-112)/36 + (-721360)/(-90). Suppose 2*l - 5*i - 3974 = 1384, m = 3*l - 2*i. Is l composite?
True
Let b be (-196)/(-112) - (1 - 2)/4. Suppose -5 = -5*i - 0*i, 0 = -b*s - 3*i + 343. Let h = s + -57. Is h prime?
True
Let j = 85 + -83. Suppose -5*o - k = k - 2228, -2*o + j*k = -894. Is o a composite number?
True
Let f(z) be the third derivative of -z**5/30 + 3*z**4/4 + 13*z**3/3 - 33*z**2. Let w be f(9). Is (-8)/(-6)*11427/w a prime number?
False
Let r = -474533 - -685270. Is r a prime number?
False
Suppose -l + k + 962298 = 0, 962278 = 282*l - 281*l - 5*k. Is l a composite number?
False
Let s = -241170 + 416705. Is s a composite number?
True
Suppose -19*r = -20*r + 20. Suppose -r*q + 8985 = -15*q - 2*a, 5*q - 3*a = 8985. Is q a prime number?
False
Let b(j) = j**3 + 37*j**2 - 30*j + 148. Let q be b(-38). Let a = 2455 - q. Is a prime?
False
Suppose 0 = u + 4*w - 170, u + 5*w + 83 - 250 = 0. Let k = -480 + 997. Suppose 0 = a - k + u. Is a a prime number?
False
Suppose -4*k = -4*b - 128, 3*k - 111 = -3*b - 27. Suppose k = 3*r - r. Suppose 0 = r*n - 19*n + 2836. Is n composite?
False
Suppose -45*j + 7884524 = -5830776 - 6679735. Is j composite?
True
Let j(z) = 54*z**2 - 3*z + 51. Let q be j(-16). Let c = -7804 + q. Is c prime?
False
Let o(g) = -g**2 - 15*g - 24. Suppose a + 23 = 2*h, 0 = a - 9*h + 4*h + 38. Let t be o(a). Suppose -61 = t*f - 1227. Is f composite?
True
Let y = 1426 - -10437. Is y prime?
True
Suppose 99*d - 9368 = 95*d. Is d prime?
False
Let p = 311 - -91. Let r = -275 + p. Is r composite?
False
Suppose -4*b + 5*k = -102, 3*b - 6*k + 8*k - 88 = 0. Suppose 0 = b*v - 1783 + 299. Is v a prime number?
True
Let d be 32101/1 + 1/(3/(-6)). Suppose 8*o - 4*o - 25699 = 5*r, 2*r = -5*o + d. Is o composite?
False
Let h(d) = -1351*d + 1. Let l be h(-1). Suppose -z = -l - 7662. Is -2 - z/(-6) - 8/(-12) a composite number?
True
Suppose -x + h = -119498 - 12336, -12 = -4*h. Is x a prime number?
True
Suppose 5*c + 3537977 = 4*b, 0 = -b + 3*c + 261487 + 623023. Is b a composite number?
False
Let k be (1 - (6 + -4)) + -3. Let m be 3*(-1)/((-6)/k). Let v(s) = -96*s - 5. Is v(m) a prime number?
False
Let b(c) = -5*c - 8*c + 4*c + 6 + 20*c**2. Let q(k) = 3*k - 31. Let o be q(8). Is b(o) composite?
False
Let g(r) = -28*r**2 + 11*r - 9. Let s be g(-5). Let x = -74 - s. Suppose -3*p + 1221 = 5*m + 55, 3*m = -5*p + x. Is m prime?
False
Let a(p) = 110*p**2 + 90*p - 1557. Is a(35) composite?
False
Suppose 2*b - 142537 = -n, -n = -37*b + 35*b - 142525. Is n a composite number?
True
Suppose 447947 = y - 4*h, 4*y - 2*h - 87760 = 1704056. Is y a composite number?
True
Let f be (-384)/36*(-9)/4. Suppose -f*w - 15039 = -33*w. Is w prime?
False
Let p be 4 - 8/(-2) - -2. Let q be (148/p)/(22/715). Suppose -d + t = 3*d - 475, 4*d + 5*t = q. Is d a composite number?
True
Is -10 + -17 + 38 - -836418 composite?
True
Suppose 0 = -105*z + 102*z + 443751. Is 2*(z/14 + (0 - -1)) a composite number?
True
Suppose 0*w = -42*w + 5*w. Suppose -293*d + 295*d - 22622 = w. Is d composite?
False
Let i be (10 + -6)/(2/(-22)). Let v = i + 48. Suppose 3*w + 2*x + 8245 = 8*w, -3*w + v*x + 4933 = 0. Is w a prime number?
False
Let a = 38762 - 24747. Suppose -11554 - a = -9*j. Is j a prime number?
False
Suppose -97*c = -102*c. Suppose c = -16*o - 9*o + 66775. Is o a prime number?
True
Let x(j) = 3*j**2 + 6*j - 3. Let z be x(-5). Let u(m) = -9*m + 83. Let b be u(10). Is (-18)/z - 1396/b a composite number?
False
Let s(a) be the third derivative of a**4/24 - a**3/2 - 2*a**2 - 2*a. Let q be s(5). Suppose 5*f + 4*c = 5249, 3*f + q*c + 4194 = 7*f. Is f composite?
False
Suppose 2*r + 29*i - 34*i + 121217 = 0, 3*i = -2*r - 121209. Let l = -41369 - r. Is l a prime number?
True
Is 16 - 2/((-18)/213165) prime?
False
Let s be (-6769)/(-2)*((-81)/63 - -3). Suppose -3*x - 20 = -5*x. Suppose s = -4*b + x*b. Is b composite?
False
Let z be ((-2)/(-4) - -1)*315624/(-36). Let f = z - -19857. Suppose 0 = -7*n + 4*n - 5*t + f, -n + 3*t = -2240. Is n composite?
False
Let c(q) = -5*q - 23. Let i be c(-6). Let w be i*(34/(-7) + 3)*-6. Suppose -257 = -5*a + w. Is a prime?
True
Let k(o) = 6*o**2 - 223*o - 356. Is k(-31) a prime number?
True
Let l(g) = g**3 + 15*g**2 + 4*g + 6. Let b be l(-9). Let x = b - 151. Let k = 436 - x. Is k a prime number?
True
Let x be ((-21)/(-1))/((-24)/6128). Let m = -1047 - x. Is m prime?
False
Is (-24)/(-108) + (-253013)/(-27) - 6/81 a prime number?
True
Let y = 49920 - 23255. Is y a composite number?
True
Suppose -25 = -13*w + 8*w. Suppose w*d = 3*n + 31250, 7*n - 6*n + 31240 = 5*d. Is d composite?
False
Suppose n + 7*n = 240. Is (n/8)/(-5) + 7646/8 composite?
True
Let o = -523 + 1019. Suppose 49 = 3*h - 836. Let l = o - h. Is l a prime number?
False
Let h be (-6)/(-4)*(2 - -2102) - -4. Is h/(-60)*3/(-2) composite?
False
Suppose 0 = -3*g - 3*n + 306, 4*g - 24*n = -26*n + 412. Suppose -120*w + 153808 = -g*w. Is w a composite number?
False
Let w(l) = 1814*l**2 - 469*l - 49. Is w(-24) a composite number?
False
Is 105/15 - (-11292)/8*(-848)/(-6) prime?
True
Let t = -39072 - -103517. Is t prime?
False
Suppose 218*z + 54523 = 225*z. Is z composite?
False
Suppose -j + 13 = -5*k, -k + 5 + 2 = 3*j. Suppose -24 = j*g + 3. Is (-1